 h + -9. What is the units digit of z?
8
Let v(y) = y**2 + 5*y + 1. Let h = -2 + -3. Let s be v(h). What is the units digit of (-6)/(s/(4/(-6)))?
4
Let l = 0 + -2. What is the units digit of 1/l*1*-14?
7
Let m(t) = 2*t**2 + 11*t + 4. Let o be m(-8). Let d = 25 - o. Let l = 27 + d. What is the units digit of l?
8
What is the tens digit of 4/22 - 1656/(-88)?
1
Let m(c) = 3*c**3 + c**2 - 1. Let h(w) = w - 5. Let o be h(6). What is the units digit of m(o)?
3
Let d = 88 - 52. Let f = d + -20. Suppose w + h - 3 - 1 = 0, -4*w - 2*h = -f. What is the units digit of w?
4
Suppose -2*m - 17 - 36 = -x, -157 = -3*x + 4*m. What is the tens digit of x?
5
Let h(s) = -s**3 - 2*s**2 - 2*s. What is the tens digit of h(-3)?
1
Let x(o) = 2*o + 8. What is the units digit of x(6)?
0
Suppose 5*q = 2*q + 120. What is the units digit of ((-2)/5)/((-4)/q)?
4
Suppose 5*d - 152 = 43. What is the units digit of d?
9
Let z(l) = -l**3 - 7*l**2 - 8*l - 6. Let s be z(-6). Let i(x) = -s + x**3 + x - 4*x**2 - x**2 - 5*x. What is the units digit of i(6)?
6
Suppose -3*h + 10 - 1 = -r, -2*r + 9 = 3*h. Let f(s) = 2*s + s - s - h + s**2. What is the units digit of f(2)?
5
Let n be ((-18)/(-3))/3 + 0. Let a be n/8 + (-28)/(-16). Suppose -4 = -q, a*r - q - 10 = q. What is the units digit of r?
9
Suppose -5*l - 288 = -9*l. What is the tens digit of l?
7
Suppose -5*w + 22 = -168. Suppose 5*p - 2*p = 78. Let q = w - p. What is the units digit of q?
2
Let j(h) = 4*h - 4. What is the units digit of j(3)?
8
Let r be 2/4 - 5/10. Suppose 0 = -4*q - r*q + 60. What is the units digit of q?
5
Let z(k) = -k**2 - 12*k - 15. What is the units digit of z(-7)?
0
Let w be 111/21 + (-4)/14. Suppose 0*b = 5*t + b - 25, 3*t = -w*b - 7. What is the units digit of t*1 - (2 - 0)?
4
Let l be (-5 - -5)*(-1 + 2). Let v be 16/(-10) - 2/5. Let f = l - v. What is the units digit of f?
2
Suppose -5*s + 2 = -4*s. Suppose 3*y = -3*c + 3, 3*y - 4*c = -s*y + 41. Let u = y + -4. What is the units digit of u?
1
Let h(b) = -b + 1. Suppose -z = -2*v, -z = z + 4*v. Let f be h(z). What is the units digit of 6*(f/(-2) - -2)?
9
Let r be 2/(-1) + -1*1. What is the units digit of 1/(r + 136/44)?
1
What is the units digit of (-2)/(-3)*138 - 1?
1
Let c(a) = a**3 + 5*a**2 - 3*a - 3. Let y be c(-5). Suppose 0 = -f + 3 + 2. Let j = y - f. What is the units digit of j?
7
Suppose 2*b - 30 = 5*b. Let t(i) = i**3 + 11*i**2 + 8*i - 6. What is the units digit of t(b)?
4
Let b be -3 + (-1 + 44)/1. Suppose -b = 5*f - 120. What is the tens digit of f?
1
Suppose 5*p + n - 2*n + 122 = 0, 110 = -5*p + 5*n. Let q be p/10 + 2/4. What is the units digit of 6*((-21)/(-9) + q)?
2
Let z = 46 - 24. What is the tens digit of z?
2
Let o = -11 + 14. Suppose -3*v + 20 = -o*m - 16, 0 = 5*v - 3*m - 58. What is the tens digit of v?
1
Let z = 87 - 55. What is the units digit of z?
2
Let x(p) = p - 2. Let s(w) = -w**3 - 4*w**2 - 5*w - 3. Let d be s(-3). Let a be x(d). What is the units digit of a/(-2)*(-4 + -4)?
4
Let s(f) = -f**3 - 3*f**2 + 3*f + 3. Let c be s(-4). Let g = -3 + c. What is the units digit of g?
4
Suppose 4*j = 3*h + 88, 5*h + 0*h + 140 = 5*j. Let q = 34 + h. What is the tens digit of q?
1
Let x be (6/7)/(7/49). Let t(b) = 3*b - 5. What is the tens digit of t(x)?
1
Let b(l) = -l + 8. Let x be b(4). Suppose 0*u + x*u = 168. What is the units digit of u?
2
What is the units digit of (-4)/18 + 544/18?
0
Let w = 13 + -8. Suppose i - w = -0*i. Suppose 4*z = i*k - 6 + 32, -2 = k. What is the units digit of z?
4
Suppose 3*w - 15 = u, u + 4*w - 3 - 3 = 0. Let b be (u + 2)*(-10)/8. Suppose -b*t + 2*v + 61 = 0, 3*t - 4*v + 0*v - 45 = 0. What is the tens digit of t?
1
Suppose 5*t + 15 = 375. What is the tens digit of t?
7
Suppose -3*d + 160 = -53. What is the units digit of d?
1
Suppose -o - 5 = -35. Let q = o + -10. What is the units digit of q?
0
Let j(k) be the first derivative of 5*k**2/2 + 11*k + 2. Let n(d) = -11*d - 22. Let y(q) = 9*j(q) + 4*n(q). What is the units digit of y(-9)?
2
Let z be (-9)/12 + 42/(-8). What is the tens digit of (-246)/(-15) - z/(-15)?
1
Suppose 9*v - 4*v - 2*z = -115, -4*v - 4*z = 64. Let f be 32/14 - (-6)/v. Suppose 0*x - 15 = -x + f*b, -2*x - b = -5. What is the units digit of x?
5
Let q = 12 - 8. Let j(g) = -14*g + 6. Let t be j(-6). What is the units digit of t/21 + q/(-14)?
4
Suppose 2*q = -o + 6, 15 = -4*q - 1. What is the tens digit of o?
1
Let q(w) = 2*w - 2. Let y be q(1). Let b = -5 - -8. Suppose y = 5*f - b*f - 24. What is the tens digit of f?
1
Suppose 3*t = -f - 6, -8*f = -3*f + 4*t - 3. Suppose -f*o = o - 36. What is the units digit of (1 - 13)*(-6)/o?
8
Let q(g) = 2*g**2 - 14*g + 23. What is the units digit of q(13)?
9
Suppose 2*a + j + 3*j - 20 = 0, -4*a + 12 = j. Suppose a*u + 4*n - 86 = 0, 0 = -5*u - 2*n + 75 + 116. What is the tens digit of u?
3
Suppose -755 = -10*u + 325. What is the units digit of u?
8
Suppose 5*u + 5*w = -10, 0*w = 3*w + 15. What is the units digit of (-1 - -12) + -1*u?
8
Suppose i + 4*i - 25 = 0, 5*b - 2*i - 285 = 0. What is the units digit of b?
9
Suppose 2*k + 2*k = 32. Suppose 2*v + 3*l = l - 4, 5*v = 4*l - 19. Let y = k + v. What is the units digit of y?
5
Let u(w) = w + 17. Let k be u(8). Suppose -p + k = -17. What is the tens digit of p?
4
Suppose 4*h - 4*i = 68, 33 = 5*h - 2*h + 3*i. What is the units digit of h?
4
Suppose -4*j + 5 = -3. Let t(z) = 2*z**2 - 5*z**2 + j*z**2 - 8*z - 8. What is the units digit of t(-6)?
4
Suppose 5*g - 32 = 13. Let m be 1/3 - (-78)/g. Let a = 14 - m. What is the units digit of a?
5
Let f = -1 + 1. Suppose 0 = -4*u - 3*j - 4, f*u - 5*j = u + 18. What is the units digit of u?
2
What is the units digit of ((-8)/32)/(2/(-8))?
1
Let l = -3 - -6. Suppose -q + 108 = l*q. Suppose -q = -4*z + 37. What is the units digit of z?
6
Let t(n) be the second derivative of n**4/6 - n**2/2 - n. Suppose -1 = -3*a - 4. What is the units digit of t(a)?
1
Let f = 8 + -6. Suppose -5 = 2*v + r, -3*r - 6 = 3*v + 9. What is the units digit of 9 - (v - (2 - f))?
9
Suppose -5*v - 30 = f + 2, -f - 18 = 3*v. What is the units digit of (v/(-2))/((-7)/(-98))?
9
Let q = 118 - 68. What is the tens digit of q?
5
Suppose -22*r - 294 = -24*r. What is the units digit of r?
7
Let h = -31 - -53. What is the tens digit of h?
2
Let v be (-40)/(-15)*1*3. Suppose -v = -o + 14. What is the tens digit of o?
2
Let g = -178 + 211. What is the tens digit of g?
3
Let i(p) = 2*p**2 + 7*p - 6. What is the hundreds digit of i(-10)?
1
Let z(u) = 3*u - 2*u**2 - u**2 - 4*u + 8*u**2. Let n be z(1). Suppose 0 = 2*y + 2*i - n, 0 = -3*y - 4*i - 1 + 5. What is the units digit of y?
4
Let d be (-10)/3*(-198)/(-15). Let k = d + 86. What is the units digit of k?
2
Suppose b - 33 = -n, -4*b - 4*n = -n - 127. What is the units digit of 8/6*(b - 4)?
2
Suppose -3*v = 3*p - 63, 3*p + 26 = -2*v + 91. What is the units digit of p?
3
Let c = -5 - -8. Let l = 3 - c. Suppose 0 = 5*p + h - 8, l = h - 3. What is the units digit of p?
1
Let v = -4 + 5. Let i be 1/(1 + v/(-2)). Suppose 5*x - 2 = 8, -i*x - 1 = -s. What is the units digit of s?
5
Let f(r) = r**3 + 9*r**2 + 8*r + 9. What is the units digit of f(-8)?
9
Suppose -5*k + 3*m + 12 = 2, 3*k - 5 = 2*m. Let r be 10/(-5)*k/2. What is the units digit of (-158)/(-10) - 1/r?
6
Suppose -5*o = 2*g + 14, 0 = -o + 5*o - 4*g. Let l(s) = s + 2. Let w be l(o). Suppose 3*u + u - 28 = w. What is the units digit of u?
7
Let g(q) = 3*q + 1. What is the tens digit of g(4)?
1
Suppose n + 23 = 118. Let j = -60 + n. What is the tens digit of j?
3
Let i be 1*-2 - (13 + -17). What is the units digit of (-295)/(-10) - i/(-4)?
0
What is the units digit of 6 + -4 - (-35 + -2)?
9
Let h = 177 + -126. What is the tens digit of h?
5
What is the units digit of ((-2)/(-4))/((-10)/(-780))?
9
Let t(w) = 3*w + 14. Let f be t(-6). Let p = -10 + 16. Let o = p - f. What is the units digit of o?
0
Suppose 0 = -3*w - 5*m + 3*m + 567, -2*w + 3*m = -391. What is the tens digit of w?
9
Suppose -4*v = s - 131, 5*s - 4*s - 123 = 4*v. What is the hundreds digit of s?
1
Let q be (-1 - -3) + (0 - 0). Suppose 2*l = -4*c - 4, 4 = q*l + 12. What is the units digit of c?
1
What is the tens digit of 210/(-4)*((-84)/15 - -4)?
8
What is the tens digit of (-1)/2*2 - -99?
9
Suppose -4*w + 3*h = 5*h - 58, 5*h + 15 = 0. S